of 273 and 156?
39
Calculate the highest common divisor of 16 and 4268.
4
Calculate the highest common factor of 180 and 1245.
15
Calculate the greatest common divisor of 7 and 1043.
7
What is the highest common factor of 312 and 364?
52
What is the greatest common factor of 30 and 40?
10
Calculate the highest common divisor of 1533 and 42.
21
Calculate the highest common factor of 7 and 21.
7
Calculate the greatest common divisor of 398 and 995.
199
Calculate the greatest common divisor of 108 and 45.
9
Calculate the greatest common factor of 54 and 11718.
54
What is the greatest common divisor of 73788 and 156?
156
What is the greatest common factor of 494 and 52?
26
What is the highest common divisor of 1116 and 992?
124
Calculate the greatest common factor of 3 and 174.
3
What is the highest common factor of 6 and 28?
2
Calculate the greatest common factor of 18 and 25722.
18
Calculate the greatest common divisor of 19783 and 73.
73
Calculate the greatest common divisor of 340 and 425.
85
What is the greatest common divisor of 16544 and 94?
94
What is the highest common divisor of 48 and 168?
24
What is the greatest common divisor of 504 and 360?
72
What is the highest common divisor of 1937 and 13?
13
What is the highest common divisor of 2 and 195?
1
What is the highest common divisor of 10 and 40?
10
What is the greatest common divisor of 4 and 168?
4
What is the greatest common factor of 104 and 78?
26
Calculate the highest common factor of 49 and 21.
7
Calculate the highest common divisor of 536 and 1943.
67
What is the greatest common divisor of 44 and 1078?
22
What is the greatest common factor of 22 and 52?
2
Calculate the highest common divisor of 20 and 610.
10
What is the greatest common divisor of 15078 and 168?
42
What is the highest common factor of 138 and 552?
138
What is the greatest common divisor of 39 and 120?
3
What is the greatest common factor of 315 and 45?
45
What is the highest common divisor of 318 and 48?
6
What is the greatest common divisor of 240 and 1728?
48
Calculate the highest common factor of 644 and 112.
28
Calculate the highest common factor of 817 and 559.
43
Calculate the highest common factor of 1848 and 28.
28
What is the highest common divisor of 7370 and 880?
110
Calculate the highest common factor of 14375 and 230.
115
Calculate the greatest common factor of 139 and 101053.
139
What is the highest common divisor of 4 and 32?
4
Calculate the greatest common factor of 66 and 22.
22
Calculate the greatest common divisor of 545 and 2507.
109
Calculate the highest common factor of 3363 and 114.
57
What is the greatest common divisor of 6095 and 115?
115
Calculate the greatest common divisor of 15 and 285.
15
What is the greatest common divisor of 31 and 31?
31
What is the highest common divisor of 115 and 943?
23
What is the highest common factor of 7038 and 54?
18
What is the highest common factor of 51 and 12?
3
What is the greatest common factor of 638 and 29?
29
Calculate the highest common divisor of 2140 and 4.
4
Calculate the highest common factor of 35 and 119.
7
Calculate the greatest common factor of 2535 and 6240.
195
What is the greatest common factor of 3332 and 21?
7
Calculate the highest common divisor of 43 and 946.
43
What is the highest common factor of 273 and 1443?
39
Calculate the greatest common factor of 10 and 830.
10
Calculate the greatest common divisor of 315 and 18.
9
Calculate the greatest common factor of 219 and 3.
3
Calculate the greatest common divisor of 725 and 29.
29
What is the greatest common divisor of 9 and 27?
9
What is the greatest common factor of 17382 and 6?
6
What is the highest common divisor of 259 and 14?
7
Calculate the greatest common divisor of 96 and 5544.
24
Calculate the greatest common divisor of 187 and 198.
11
What is the highest common divisor of 288 and 270?
18
What is the highest common factor of 240 and 568?
8
What is the greatest common factor of 85 and 5?
5
Calculate the highest common divisor of 699 and 3.
3
Calculate the highest common factor of 13 and 104.
13
What is the greatest common divisor of 110 and 10?
10
Calculate the greatest common factor of 1417 and 13.
13
Calculate the greatest common factor of 322 and 46.
46
Calculate the greatest common factor of 56 and 35.
7
Calculate the highest common factor of 121 and 473.
11
Calculate the greatest common divisor of 24 and 1244.
4
What is the highest common factor of 756 and 21357?
189
Calculate the highest common factor of 50 and 720.
10
Calculate the highest common factor of 24 and 1608.
24
Calculate the highest common divisor of 37 and 407.
37
Calculate the highest common divisor of 6104 and 364.
28
What is the highest common divisor of 112 and 22064?
112
What is the highest common factor of 20 and 125?
5
Calculate the greatest common factor of 24 and 54.
6
Calculate the greatest common factor of 1275 and 663.
51
Calculate the greatest common divisor of 788 and 8.
4
What is the highest common factor of 37 and 1221?
37
What is the greatest common divisor of 7739 and 71?
71
What is the greatest common divisor of 24 and 43992?
24
What is the greatest common factor of 31 and 31?
31
What is the greatest common divisor of 94 and 3102?
94
Calculate the highest common factor of 3180 and 270.
30
What is the highest common factor of 2442 and 24?
6
What is the highest common factor of 55 and 3355?
55
What is the greatest common factor of 4165 and 170?
85
Calculate the highest common divisor of 341 and 22.
11
What is the greatest common factor of 44 and 286?
22
Calculate the greatest common divisor of 7367 and 139.
139
What is the highest common divisor of 570 and 228?
114
What is the greatest common factor of 52 and 130?
26
Calculate the highest common factor of 56 and 11536.
56
What is the highest common divisor of 13 and 416?
13
What is the highest common factor of 288 and 102?
6
What is the greatest common factor of 2925 and 117?
117
Calculate the highest common divisor of 98 and 2.
2
What is the highest common factor of 562 and 6?
2
What is the highest common factor of 28 and 322?
14
What is the greatest common divisor of 22 and 11308?
22
Calculate the highest common factor of 730 and 60.
10
What is the greatest common factor of 588 and 784?
196
What is the highest common factor of 190 and 20?
10
Calculate the highest common factor of 1215 and 225.
45
What is the greatest common divisor of 5 and 43?
1
Calculate the highest common divisor of 96 and 3120.
48
Calculate the greatest common factor of 23458 and 37.
37
What is the greatest common divisor of 978 and 6?
6
What is the highest common factor of 45 and 135?
45
Calculate the highest common divisor of 18 and 398.
2
What is the greatest common factor of 306 and 748?
34
Calculate the greatest common factor of 1008 and 28.
28
What is the highest common factor of 873 and 2328?
291
What is the greatest common divisor of 13186 and 76?
38
Calculate the greatest common divisor of 145 and 29.
29
What is the greatest common factor of 82 and 8?
2
What is the highest common divisor of 1073 and 148?
37
What is the greatest common factor of 51 and 170?
17
Calculate the greatest common factor of 128 and 80.
16
Calculate the highest common factor of 420 and 504.
84
What is the highest common factor of 110 and 154?
22
Calculate the highest common factor of 235 and 80.
5
Calculate the highest common factor of 18 and 35604.
18
What is the highest common factor of 36 and 3852?
36
What is the greatest common divisor of 750 and 2040?
30
What is the highest common factor of 18 and 282?
6
What is the highest common divisor of 64 and 24?
8
Calculate the greatest common factor of 217 and 31.
31
What is the highest common divisor of 17 and 1292?
17
What is the greatest common factor of 26 and 5213?
13
Calculate the highest common factor of 35 and 1057.
7
Calculate the greatest common factor of 2645 and 1495.
115
What is the greatest common divisor of 138897 and 23?
23
Calculate the highest common divisor of 96 and 168.
24
Calculate the greatest common divisor of 1537 and 265.
53
Calculate the highest common divisor of 108 and 4.
4
Calculate the highest common factor of 31390 and 73.
73
What is the highest common factor of 189 and 7?
7
What is the highest co